2 - 0) - ((5 - 8) + 24)
-27
(2 - (7 + -1 + 0)) + -9
-13
Evaluate (18 - 0) + -1 - (11 + -6 + 3).
9
-7 + 49 + -6 + -14 - 5
17
Evaluate (20 - -4) + (-13 + -3 - -13).
21
What is -8 - (-8 - -20 - 8 - 5)?
-7
What is the value of 13 + 4 + 8 + -23 + (-1 - 6)?
-5
Calculate (2 + -2 - (-8 + 15 + -8)) + -6.
-5
Calculate -8 + (-2 - -4) + 5 + 11 + -13.
-3
2 + (11 - 2) + -11 + 33 - 5
28
Calculate -8 + 18 + (3 - 20) + 1.
-6
What is -6 + (-5 - -5) - (21 + -13)?
-14
What is (-5 - -3) + 1 + 4 + -13 + -1?
-11
Calculate (-18 + 19 - -16) + (0 - (0 - 0)).
17
-2 + 1 - (-9 + 15 + 0 + 2)
-9
-12 + 18 + 8 + -14
0
Evaluate -34 + 43 + (6 - 33) - 8.
-26
Evaluate (15 + -14 - (-12 - 0)) + -13.
0
What is the value of (-25 - -7) + (12 - -1)?
-5
Calculate 534 - 516 - (13 - -2).
3
-3 + 24 + (-74 - -54)
1
Calculate 11 + (0 - 3 - (176 - 166)).
-2
Evaluate -12 + 12 - (-3 + 8 - -6).
-11
What is -33 + -9 + 11 + 20?
-11
Evaluate 126 + -126 + (0 - (1 + 0)) - 1.
-2
Evaluate -24 + (-30 - -57) + 5.
8
What is -143 + 134 + 1 + 20?
12
Evaluate -19 + 18 - (37 - 25 - (1 - -3)).
-9
Calculate (18 - 33) + -9 + 21.
-3
What is the value of 7 - (17 + -44 + (8 - 7))?
33
Calculate (1 - 2) + (23 - 1) + -3778 + 3768.
11
Calculate (-8 - -6) + -28 - (95 + -103).
-22
Evaluate (-21 + -2 - -34) + -6.
5
Calculate (34 - (-1 - (-9 - 8))) + 3 + 0.
21
Evaluate 8 + -20 + (25 - 6).
7
Evaluate -12 - ((15 - 9) + -13) - (-3 - -1).
-3
What is 1 + (-24 + 49 - 55)?
-29
Calculate -19 - 0 - (-14 - (2 + -10 - 0)).
-13
What is 14 + (-12 - 41) + 8 - -13?
-18
Evaluate (2 - (12 - 5)) + 3 + (0 - -4).
2
Evaluate 22 + 15 + (-14 - 4).
19
What is (21 - (35 - 18)) + (1 - 6)?
-1
Calculate 6 + -22 - (4 - (11 - 22)).
-31
Calculate 0 + (-10 - -3 - 4) + (2 - -3).
-6
What is the value of (12 + -10 + 2 - -4) + -34?
-26
What is 9 + (11 - (-6 + 32 + -15))?
9
Evaluate -19 + (-2 - -9) + 10.
-2
Evaluate (-4 + 3 - -4) + (-35 - -9).
-23
-16 + (10 + -7 + -6 - (0 + -7))
-12
23 + -6 + (2 - 9) + -3
7
What is the value of 2 - -3 - (-11 + 3 + 10 + -5)?
8
What is 1 - 2 - ((45 - 23) + -8)?
-15
What is the value of -18 + -1 - (23 - (11 - -9))?
-22
Calculate (16 + -3 - (16 - 12)) + -34.
-25
What is 4 - (-24 + -25 + 74)?
-21
-4 + (-4 - 11 - -4)
-15
What is -1 - -48 - (11 - -6 - -3)?
27
-411 + 417 + (1 - (0 + 1 - 16))
22
What is (0 - 2) + (-10 - -1 - 4) + 1?
-14
Calculate (5 + -19 - -3) + 29.
18
Calculate 3 + 35 + (-35 - (-55 - -25)).
33
What is -9 + 2 + -28 + 43 - 13?
-5
12 + (-6 - 1) + (5 - -2)
12
Evaluate (6 - 1 - 3) + -4 + 0.
-2
(8 - 5) + (-27 - -11)
-13
Evaluate 207 + -224 - (-5 + 1).
-13
Evaluate 3 + -3 + 0 + -3 + 4 + 8.
9
What is (1 - -22) + (2 - (19 + 2 + -23))?
27
(-24 - -18) + (-2 - ((4 - -2) + -3))
-11
What is -12 + 13 - (17 + -3)?
-13
Evaluate 4 + 2 + -10 - 7.
-11
What is the value of 25 + (4 - (-42 - -42))?
29
-6 - (14 + -2 + -6) - 5
-17
Evaluate 38 + -15 + (1 - 14).
10
Calculate -7 + (8 - (10 - 7) - (1 - -3)).
-6
What is (4 - -15) + -21 - (-4 + (35 - -4))?
-37
Evaluate 19 + (-1 - 34) + 3 - (0 - -7).
-20
Evaluate 7 - 4 - (-9 + 8) - 10.
-6
Evaluate 38 + -15 - (9 - -9).
5
What is the value of 2 + 2 - (-6 - (-44 + (6 - -2)))?
-26
Evaluate -3 - (-18 + 27 + -17 + 0).
5
Calculate -9 + (-2 - -1 - -6) + -8.
-12
10 + ((5 - (7 + -10)) + -6 - 3)
9
5 + 2 + -7 + -8 + -3
-11
14 + (-23 - 11) - -8 - 2
-14
Evaluate 8 + (11 - (5 + 1)).
13
Evaluate 15 + -9 + -1 + -3.
2
Calculate (-1 - (-9 + 4 + -4 - -18)) + 6.
-4
Calculate (-47 - -56) + -1 + -1 + 14.
21
Calculate 0 - 15 - (-261 + 240).
6
What is the value of -10 + (-9 - -16 - (18 - 4))?
-17
What is the value of (2 + -12 + 26 - (3 + 0)) + -5?
8
2 + (3 - -1) + -16 + 0
-10
What is the value of -5 + (6 - (-7 + (11 - 9)))?
6
(12 - (-9 - -11)) + (4 - 0)
14
Calculate -15 + -1 + 13 - (1 + -6).
2
Calculate -34 - ((3 - 52) + 37).
-22
-8 - (21 - (-13 + 39))
-3
Evaluate 36 + (-7 - (29 - 11)).
11
(-32 - -50) + -30 - -15
3
Calculate (-6 - (-6 - 11)) + 1 - -5.
17
-4 + -4 + 12 + (-12 - -8) + -31
-31
What is the value of (-1 + 2 - -7) + 46 + (-66 - -17)?
5
What is 18 + (-18 - (-11 + -13 - -11))?
13
((6 - 0) + -6 - 3) + 8 - 18
-13
What is 6 + -1 - (91 - 90)?
4
Evaluate -18 + (-8 - -17) + 2 + 0.
-7
Calculate 3 - ((-20 - -1) + 8).
14
Calculate -4 + 13 - (105 + -91).
-5
Calculate -3 + 29 - (-4 - (4 + -5 + -4)).
25
What is the value of -410 - -387 - (5 + 3 + -1 - -3)?
-33
What is -7 + (-16 - 0) + 13?
-10
What is -1 - ((-24 - -8) + 13)?
2
What is the value of -11 - ((10 - 44) + 16)?
7
What is the value of 6 + 16 + -37 + 26?
11
15 + (11 - (-4 - -14) - 3)
13
Calculate 40 + (21 - 57) - (-7 + -1 + -1).
13
What is the value of -15 + 2 + -3 + -4 + 10 - 1?
-11
Evaluate 17 - ((25 - 13) + -12).
17
-13 + 1 + (-14 - (-7 - -3))
-22
94 + -100 - (-17 + (3 - 7))
15
What is -1609 - -1604 - (-1 - (0 - -2))?
-2
What is (14 - -6) + -6 - 1 - 3?
10
What is 1 + -3 + 1 + -5 + 11 + 3?
8
Calculate 14 + -1 - (-15 + 39 + -37).
26
Evaluate -15 + (-1 - -27 - (-48 - -56) - 11).
-8
What is the value of 0 + -5 + 1 + (-10 - (-4 + -19))?
9
What is the value of 11 - 0 - (6 - (12 + (13 - -5)))?
35
Calculate (-12 - ((-2 - -15) + -28)) + 9.
12
-23 - (-34 + 44 - -4)
-37
What is -2 + 1 + 9 + 112 + -126?
-6
-15 + (-31 - (-10 + -13))
-23
What is 24 - (1 + 10 + (-108 - -111))?
10
What is 3 + (-8 - -15) + -4 - 8?
-2
Calculate (7 + -3 - 27) + 19 - (-34 - 0).
30
Evaluate (-21 - -8) + (-2 - -9) + 6 + 0.
0
Evaluate -6 - -14 - (1 + 0) - 0.
7
-9 + (4 - 6) + (0 - -15)
4
Evaluate (30 - (-13 - -34)) + -2 + -15.
-8
20 + -28 + 10 + -26
-24
Evaluate -17 + 5 + (-1 - -3).
-10
(42 - (49 + -16)) + (-22 - (-3 - -5))
-15
What is the value of 12 + -19 + -10 + -5 + 8 + -4?
-18
What is the value of 12 + 8 - (9 + (-11 + 7 - 5))?
20
Calculate -7 + 2 + (44 - 43).
-4
Evaluate 3 + -1 + 7 + -16 + 9.
2
What is 1 + 4 + -112 + 128 - (1 + -3)?
23
What is (-6 - 0 - (-274 - -285)) + -9?
-26
37 + -15 + (1 - 21)
2
Calculate (24 - 54 - -33) + 7.
10
(-10 - -18 - (-6 + 16)) + 10
8
What is the value of 4 - (1 + (-5 - (-10 - 6)))?
-8
What is the value of (-26 - 1) + (-18 - (-24 - 4))?
-17
(186 - 180 - (1 - -3)) + (-1 - 1)
0
Evaluate 47 - (-2 - (-9 - 8)).
32
Evaluate (-8 - -5) + -7 + 0 + (66 - 69).
-13
What is -9 + 9 + 1 + -13 - -3?
-9
What is 6 - ((-9 - -25) + -18)?
8
What is (0 + 1 - -7) + -13 + 13 - -9?
17
17 + -2 - 1 - 18
-4
-9 - (-13 + 12 - (3 + -9))
-14
Calculate (-2 - 28) + 232 + -182.
20
Calculate -29 + -2 + (1372 - 1348).
-7
12 + (-10 + 26 - 44) + 1
-15
What is (15 + -33 - -19) + (0 - (-2 - -6))?
-3
Evaluate 6 + (-14 - -4 - -7).
3
Evaluate (16 - (1 + 10)) + -2 + 1 - 5.
-1
What is the value of (2 - 17) + 6 + 36?
27
(3 - -1) + (84 - 91)
-3
What is the value of -9 + 0 - -14 - (-3 + -6)?
14
Calculate -183 - -198 - (-1 - -8) - -3.
11
(59 - 14) + -28 + (-16 - 1)
0
What is the value of -3 - (4 - 3) - 15?
-19
Evaluate -10 - (-6 + (14 - 6 - 0) - 6).
-6
Evaluate -24 + 14 + 15 - 19.
-14
Calculate -29 - -61 - 47 - -2.
-13
Evaluate 10 - (-15 + 5 + 18).
2
What is (35 - 52) + 33 + -15?
1
Calculate 0 - ((-6 + 2 - 0 - -4) + -9).
9
What is the value of (-26 - -28) + (-10 - 0) + (-1 - -1)?
-8
What is (56 - 56 - (0 + 0)) + -6?
-6
What is the value of 0 + -6 + (3 - (5 - 7)) + -6?
-7
What is 1 - -18 - (-7 + 52 - 55)?
29
Evaluate -37 - -37 - (-2 - 1) - 34.
-31
What is the value of (4 - -1) + -40 + 20 - (-2 + -1)?
-12
Calculate -1 - (19 + (7 - -1 - 9)).
-19
What is the value of (8 - (0 + 1)) + -2056 + 2055?
6
Calculate -17 + 24 + 1 + -1.
7
14 - (-4 + (-6 - -5 - -10))
9
Calculate -4 + (1 - -2) + 12 - 3.
8
-11 + (17 - 2) + -30 + 22
-4
What is (51 - 31 - -4) + -16?
8
Evaluate (-47 - 1 - (170 - 187)) + -2.
-33
What is the value of -1 - -15 - (17 + -13 - -3)?
7
Calculate 9 - (17 + (-1 + -3 - -6)).
-10
What is the value of 9 - ((1 - 4) + -3 + 12)?
3
39 - 42 - ((11 - 10) + (-1 - -18))
-21
What is -1 - 12 - (0 + -12) - 23?
-24
Evaluate -18 + 7 + 1 + (7 - (2 + 3)).
-8
What is -3 + (3 - (-16 + 13 - -17))?
-14
Evaluate 1 - 15 - (-41 + 37) - -6.
-4
-11 + ((-13 - 10) + 12 - -20)
-2
Calculate (-7 - -4) + -5 + 5 - -5.
2
What is the value of -4 + 1 + 2 + -16 + 12?
-5
What is -3 + (10 - 4) + 0 - (0 + 2)?
1
What is 2 - (22 + -12 - (12 + -5 + 4))?
3
Evaluate 0 + -10 + (-9 - -12 - 8).
-15
What is (68 - 87 - (-6 - -4)) + -9?
-26
What is 3 - ((9 - 5) + 8 - 3)?
-6
Calculate (-8 - -12) + -9 - (1 + -26 - -3).
17
What is -24 + 39 + -5 + -10?
0
What is the v